955081 composite?
True
Is 2470929089 a composite number?
True
Is 73406831 composite?
True
Is 41935627 composite?
False
Is 103731829 prime?
False
Is 9923953987 composite?
False
Is 341190217 composite?
False
Is 87913459 composite?
False
Is 53322209749 a composite number?
False
Is 25017072427 prime?
False
Is 1547658239 a composite number?
False
Is 23292426737 composite?
True
Is 280697071465 composite?
True
Is 13851448063 a composite number?
True
Is 807366731 composite?
False
Is 201301057 a prime number?
True
Is 20092444219 a composite number?
True
Is 18045358931 composite?
False
Is 9198670057 a prime number?
True
Is 362547517 composite?
False
Is 194126729 a composite number?
False
Is 565036343 a composite number?
True
Is 673667571 composite?
True
Is 36895223 composite?
False
Is 1366185941 a composite number?
False
Is 1533186727 a prime number?
True
Is 8419227569 a composite number?
False
Is 454447541 prime?
True
Is 1584303101 prime?
True
Is 9916987693 a prime number?
False
Is 13029670931 a prime number?
True
Is 11312299721 composite?
True
Is 578671927 composite?
True
Is 150775417751 prime?
False
Is 2192588231 a composite number?
False
Is 62418639671 prime?
True
Is 3277471681 a composite number?
True
Is 486495917 composite?
False
Is 6647038543 a prime number?
True
Is 1869786533 a prime number?
True
Is 1233521711 composite?
False
Is 42869195963 composite?
True
Is 5712158659 a prime number?
True
Is 140752637633 a prime number?
True
Is 41406037243 a prime number?
False
Is 201964409 composite?
True
Is 252366487 prime?
False
Is 799965223 prime?
True
Is 73604627681 a composite number?
True
Is 733283011 a prime number?
False
Is 72539897 a prime number?
True
Is 96856613459 a prime number?
False
Is 26031886822 prime?
False
Is 391916797 a composite number?
False
Is 4359725401 a composite number?
True
Is 3222778697 a composite number?
True
Is 16361161841 prime?
False
Is 5225885317 a prime number?
True
Is 825230621 prime?
True
Is 6123242497 a composite number?
True
Is 1469283877 prime?
False
Is 53898940673 a composite number?
False
Is 3204651883 composite?
True
Is 527784419 composite?
True
Is 6527891021 a prime number?
True
Is 672625691 a prime number?
False
Is 1282046969 a composite number?
True
Is 2837548709 prime?
False
Is 5442639767 a composite number?
False
Is 3577893859 composite?
True
Is 20237686971 a prime number?
False
Is 168545403077 composite?
True
Is 1831557467 a prime number?
False
Is 94821613 prime?
False
Is 2997945851 prime?
True
Is 1815646711 composite?
False
Is 15034419493 composite?
True
Is 2009745247 prime?
False
Is 518716577 composite?
True
Is 8138583601 composite?
True
Is 500520653 a composite number?
False
Is 53813171 a prime number?
False
Is 2782970035 composite?
True
Is 40723313107 a prime number?
True
Is 100469634731 composite?
False
Is 209303407829 a composite number?
False
Is 3036734143 a composite number?
False
Is 10429037173 a prime number?
True
Is 8961572261 composite?
False
Is 2731165273 composite?
False
Is 19491595913 prime?
False
Is 809247859 composite?
True
Is 40928094953 a prime number?
True
Is 241859851 prime?
True
Is 41842343 a prime number?
False
Is 5758141061 composite?
False
Is 15907355171 prime?
False
Is 46416319 composite?
True
Is 2813564203 prime?
True
Is 4500074977 prime?
True
Is 1108101671 prime?
True
Is 6748771 a composite number?
False
Is 245818343 composite?
True
Is 24059426465 a composite number?
True
Is 212328383 a prime number?
True
Is 425943071 a composite number?
False
Is 5795764669 prime?
False
Is 3934617563 prime?
True
Is 128643489047 prime?
True
Is 993603517 a prime number?
True
Is 287599504211 a composite number?
True
Is 311218802 prime?
False
Is 147000431267 a prime number?
False
Is 1126163279 composite?
True
Is 109486158953 prime?
True
Is 402360961 composite?
True
Is 29294158577 a prime number?
True
Is 1250096993 a composite number?
True
Is 4045683263 a prime number?
True
Is 1083462889 a composite number?
False
Is 12807904033 prime?
True
Is 1482172367 a composite number?
True
Is 545108311 a composite number?
True
Is 21907852147 composite?
True
Is 11644601977 a composite number?
False
Is 1981001119 a prime number?
False
Is 6707102789 composite?
True
Is 3882105943 prime?
True
Is 2423659103 a prime number?
False
Is 427719207 prime?
False
Is 786672191 composite?
False
Is 16136073103 a composite number?
True
Is 5580556687 composite?
True
Is 429328541 prime?
False
Is 19717534957 composite?
True
Is 278244521 prime?
False
Is 2877255637 a composite number?
False
Is 1851769991 a composite number?
False
Is 951043981 composite?
False
Is 10588485797 prime?
True
Is 1669381111 a composite number?
False
Is 296786338 a composite number?
True
Is 11346043 prime?
True
Is 2307455809 a composite number?
True
Is 928027871 prime?
True
Is 68064781 a composite number?
False
Is 4430884967 prime?
False
Is 354688441 a composite number?
False
Is 8156946059 composite?
False
Is 1237868279 a prime number?
True
Is 35688181693 prime?
False
Is 334670507 composite?
False
Is 29899379803 a prime number?
False
Is 1216450163 a composite number?
False
Is 5631727973 a prime number?
True
Is 1129355417 composite?
True
Is 325310969 a composite number?
True
Is 81309041279 prime?
False
Is 2865767 prime?
False
Is 13496949509 a composite number?
False
Is 5173366622 prime?
False
Is 160088333 prime?
False
Is 211343051 a prime number?
True
Is 10459172291 composite?
False
Is 18219266653 prime?
False
Is 4616089981 composite?
False
Is 774750359 a prime number?
True
Is 6693480433 composite?
False
Is 173235020579 prime?
True
Is 153275477 a composite number?
False
Is 461849309 prime?
True
Is 25051380899 composite?
False
Is 205597753 prime?
False
Is 3658636829 composite?
False
Is 5906265983 composite?
False
Is 1650660281 composite?
False
Is 25648866079 a prime number?
True
Is 72664977929 a composite number?
False
Is 492127151 a prime number?
False
Is 899094621 composite?
True
Is 26329723621 composite?
True
Is 11439840677 prime?
True
Is 3325129631 a prime number?
False
Is 4444909457 a prime number?
False
Is 501081664477 prime?
False
Is 52867345691 a prime number?
False
Is 2373075041 composite?
True
Is 16768915759 prime?
True
Is 1460252431 prime?
False
Is 1582750111 prime?
True
Is 374949877 a composite number?
True
Is 78480989 a prime number?
False
Is 384904207 a composite number?
True
Is 50051615519 a composite number?
False
Is 189477263 a composite number?
False
Is 1893763957 composite?
False
Is 12289035797 a prime number?
False
Is 3762415961 prime?
True
Is 323168567 prime?
True
Is 2348224183 prime?
False
Is 23824657 a composite number?
False
Is 6993212263 a composite number?
False
Is 4410097 composite?
False
Is 19805784611 a prime number?
True
Is 269494781 prime?
False
Is 22661510821 prime?
False
Is 27219446789 composite?
False
Is 7555056519 prime?
False
Is 46467430069 a composite number?
False
Is 50191700047 a prime number?
True
Is 5831191787 a prime number?
True
Is 11757684421 prime?
False
Is 28470613 composite?
False
Is 21764607413 a prime number?
True
Is 553308673 composite?
True
Is 5135933129 a prime number?
True
Is 54679641757 composite?
True
Is 85215817 a composite number?
True
Is 6061950721 a prime number?
False
Is 15248140381 composite?
False
Is 12522077419 a prime number?
False
Is 21922981937 a composite number?
False
Is 888453427 a composite number?
True
Is 68755030151 a composite number?
True
Is 1635749267 prime?
False
Is 5516718769 a prime number?
True
Is 10631791391 a composite number?
True
Is 143414188147 prime?
False
Is 33308472643 composite?
False
Is 5509216403 composite?
True
Is 67092768763 a prime number?
False
Is 2968123841 a prime number?
False
Is 3620818109 prime?
True
Is 1590925261 composite?
False
Is 34836970313 a prime number?
True
Is 13804466503 composite?
False
Is 1160888042 a composite number?
True
Is 5759417087 a composite number?
False
Is 2617266143 composite?
False
Is 409604243 a composite number?
False
Is 619007021 composite?
False
Is 745889659 prime?
True
Is 1927212359 a prime number?
True
Is 7669688999 a composite number?
True
Is 2783762689 a prime number?
True
Is 812159419 composite?
True
Is 17922912707 a prime number?
False
Is 2611718539 a prime number?
False
Is 1026908177 a composite number?
True
Is 8285889139 a compo